t. Suppose -f*k + 387 - 107 = 0. What is the greatest common divisor of 10 and k?
10
Let i(l) = 10*l - 9. Let p be ((-6)/(-8))/((-3)/(-12)). Let m be i(p). Suppose 7 = 5*o - 8. Calculate the highest common divisor of o and m.
3
Suppose 6*g - 10 = g + 5*h, 3*g - 6 = 2*h. Calculate the greatest common divisor of g and 1.
1
Let v(c) = c**2 + 6*c + 7. Let d = -16 + 11. Let k be v(d). Let l be (k/3)/(1/21). What is the highest common factor of 28 and l?
14
Let d be (-2)/(-3)*(4 - -2). Suppose 0 = d*g - 5*g + 6. What is the greatest common divisor of g and 9?
3
Let c(n) = -2*n**3 - 5*n**2 + 3*n. Let a(p) = p**3 + 4*p**2 + 5*p + 2. Let v be a(-3). Let y be c(v). Calculate the highest common factor of y and 12.
12
Let f = -23 - -24. Let x(q) = 9*q + 1. Let r be x(f). Let z be (-2)/5 - (-204)/10. What is the greatest common divisor of r and z?
10
Let i(g) = g - 1. Let z be i(3). Suppose d + 3*f = f + 7, 3*d + 2*f - 13 = 0. Let c be 157/7 + d/(-7). Calculate the greatest common divisor of c and z.
2
Suppose 3*b = -2*q + 4, 0*q - 8 = -4*q - 4*b. Let o = 4 - 2. Let w be 3/o - (-1)/(-2). Calculate the highest common factor of q and w.
1
Suppose 90 = -2*t + 5*t. What is the highest common divisor of 15 and t?
15
Let z(d) = d**3 + 9*d**2 - 11*d - 10. Let q be z(-10). Suppose 2*b - b - 99 = q. Calculate the greatest common factor of 9 and b.
9
Let j(p) = -2*p**3 - 6*p**2 - 2*p - 4. Let a be j(-4). Let z(b) = 10*b + 178. Let r be z(-16). Calculate the highest common factor of r and a.
18
Let m(x) = -2*x - 6. Let c be m(-5). Let u be (-7)/(7/(-2))*c. What is the greatest common divisor of 1 and u?
1
Let t(y) be the first derivative of y**3/3 + 3*y**2 - 9*y + 1. Let r be t(-8). Let j be 51 - (4 + 2/(-1)). Calculate the highest common factor of r and j.
7
Let b be 3/1 - (-3 - -1). Suppose -58 + 3 = -b*v. Let i be 233/7 - 2/7. What is the highest common factor of v and i?
11
Let g be (-466)/(-10) - (-2)/5. Let w = g - -4. Calculate the greatest common factor of 17 and w.
17
Let x(k) = 2*k**3 - 6*k**2 + 2*k + 7. Let u be x(3). What is the greatest common factor of u and 65?
13
Suppose 5*z - 43 = -3*b, -b - b + 2*z = -2. Let w be b/1*2/3. Suppose r - 2*r - 20 = -m, w*m - r - 65 = 0. What is the greatest common divisor of 10 and m?
5
Suppose 2*i - 4*i = -12. Suppose -381 - 27 = -2*u. Suppose -2*v - 2 = 2, 3*o - 3*v = u. Calculate the highest common factor of o and i.
6
Suppose -2*q + 3*q = 90. Calculate the highest common divisor of q and 10.
10
Let q(m) = -24*m**3 + m + 1. Let i be q(-1). Let u be (-4)/i + 38/12. Suppose -7 + 31 = u*l. What is the highest common divisor of l and 32?
8
Suppose -5*x - 10 = 0, 6*x + 12 = -2*w + x. Let l = 0 + w. Let s be (l/1)/((-1)/7). Calculate the highest common factor of 21 and s.
7
Let v = 59 + -26. What is the greatest common divisor of v and 22?
11
Let u be ((7*44)/4)/1. What is the highest common factor of u and 7?
7
Let y be (-30)/((-4)/(-6)*3 - 4). What is the highest common factor of y and 30?
15
Let v be 14/1 - (1 - -1). Calculate the greatest common divisor of v and 4.
4
Let z(g) = 4*g**2 + 6*g + 2. Let j be z(-4). What is the greatest common factor of 21 and j?
21
Let h(k) = 8*k + 4. Let q be h(5). Calculate the highest common divisor of q and 4.
4
Suppose 14*j = 17*j - 18. What is the highest common divisor of 6 and j?
6
Suppose -6 = -2*h - 2*a, 0 = -3*h + 5*a + 14 - 5. Calculate the greatest common factor of 15 and h.
3
Suppose 19*o + 64 = 20*o. Suppose -5*d + 69 = 4*k, 5*k - d - 11 = 68. What is the highest common factor of o and k?
16
Let t(d) = d**2 + 5. Suppose 2*f - 3*f - 4 = 0. Let l be t(f). Calculate the greatest common divisor of l and 3.
3
Suppose -3*r + 0*r = 0. Suppose r = 5*i - 254 + 4. What is the highest common factor of 5 and i?
5
Let w be 14 - (2 + -1)/(-1). Suppose 3*k = -0 - 12. Let l = 14 + k. What is the greatest common factor of l and w?
5
Let c = 90 - 63. What is the greatest common divisor of c and 54?
27
Let c be ((-3)/(-4))/((-10)/(-80)). Calculate the highest common divisor of 3 and c.
3
Suppose -4*c - 6*s + 11*s + 95 = 0, -3*c = 5*s - 115. Calculate the greatest common factor of c and 60.
30
Suppose -c + 82 = 27. Let u be (-40)/(-8) + (0 - -1). Suppose -3*b - 53 = -4*f, 4*b = -u - 6. Calculate the greatest common divisor of c and f.
11
Suppose 37*x - 43*x = -1008. Calculate the highest common divisor of 21 and x.
21
Suppose -85 = 5*l + 190. Let z = l - -79. Calculate the highest common divisor of 8 and z.
8
Suppose -4*i - q + 0*q = -3, -5*q = -4*i + 33. Calculate the highest common divisor of i and 5.
1
Let j = -2 + 42. Let f(c) = -2*c - 8. Let g be f(-6). Suppose g*o - 9 = 11. What is the highest common factor of o and j?
5
Let r = 205 - -350. Suppose 0 = -2*y - 3*y + r. Suppose -y + 375 = 3*f. What is the greatest common divisor of f and 11?
11
Let i(h) = -h + 6. Let r be i(3). Calculate the highest common divisor of r and 1.
1
Suppose -2*x = -2*i - 0*i + 20, -5*i - 2*x = -71. Let r be 9/(-27) - (-352)/3. What is the greatest common factor of i and r?
13
Suppose -5*y + 4*m + 204 = 0, -189 = -5*y + 3*m + 14. Suppose 0 = 2*g - 6 - 4. Calculate the highest common divisor of y and g.
5
Suppose 0 = 4*l + 3*h + 7 - 36, -2*l + 17 = h. What is the highest common factor of 11 and l?
11
Suppose 3*p + 72 = 2*c - 100, 3*p + 12 = 0. Calculate the greatest common factor of 10 and c.
10
Let v(q) = -20*q**3 - 4*q**2 + q + 5. Let c be v(-3). What is the greatest common factor of 46 and c?
46
Let z = 5 + -1. Suppose 3*f - 22 = 2*f - 4*i, 5*f - 30 = -z*i. Calculate the highest common divisor of 18 and f.
2
Suppose 5*v - 10 = 0, 2*n + 22 = 4*n - 3*v. What is the greatest common divisor of 35 and n?
7
Suppose -2*t = 5*l, 2*t = -6*l + 2*l. Suppose t*c = c. Suppose -3*g = 3*q - c*q - 6, 3*q + g = 10. Calculate the greatest common divisor of 44 and q.
4
Let h = -26 - -48. What is the highest common divisor of 88 and h?
22
Let g be ((-1)/4)/((-3)/132). What is the greatest common divisor of g and 1?
1
Let i be (1 + (-2)/(-4))*32. Let l be -1 + 1 - 0/(-1). Suppose 2*u - 32 = -l*u. What is the greatest common factor of u and i?
16
Suppose 4*a = -f + 2, 0*f - 2*f + 5*a = -4. What is the highest common factor of f and 2?
2
Let s be (2/8)/(16/128). Let n = -8 + 15. Let t be 156/7 + (-2)/n. What is the highest common factor of t and s?
2
Let c be (-28)/(-12) + 4/6. Suppose k - 21 = -2*t + 5, -c*t - 96 = -3*k. What is the highest common factor of k and 12?
6
Let d(x) = -16*x - 6. Let p(c) = c - 1. Let h(r) = -d(r) + 2*p(r). Let i be h(6). What is the highest common divisor of i and 16?
16
Suppose -5*f + 3*f = 18. Let r = 11 - f. Let j = 53 - -27. Calculate the greatest common divisor of j and r.
20
Let m(g) = -g**3 + 7*g**2 + 3*g - 5. Let h be m(5). Suppose h = -0*j + 2*j + 4*o, -o = 5*j - 123. What is the greatest common divisor of j and 168?
24
Let l be (-72)/(-10)*(18 - 3). Suppose -192 = -5*k + l. What is the highest common factor of 10 and k?
10
Suppose 0 = -4*c + 2 + 18. Let q(b) = -b**3 + 6*b**2 - 2*b - 10. Let a be q(c). What is the greatest common factor of 5 and a?
5
Let x(i) = -i - 1. Let d be x(-1). Suppose d = 2*p + 2. Let w be (-14)/6*(-8 + p). What is the highest common factor of w and 42?
21
Let t = -1 + 2. Suppose 13 - t = a. Suppose x - 130 = -2*c, -3*x + 280 = -2*c - 70. What is the greatest common factor of x and a?
12
Suppose 6*b = b - 60. Let v be (18/b)/(1/(-12)). What is the highest common factor of 198 and v?
18
Suppose h + 423 = 3*s + s, 2*h = s - 111. Calculate the greatest common divisor of s and 15.
15
Let m(i) = -i**3 + 2*i**2 - 2*i - 4. Let d be m(-2). Calculate the highest common divisor of 144 and d.
16
Suppose -634 = -5*f + u, 2*f - 5*u = -3*f + 650. Let l(v) be the first derivative of 9*v**2 + 3. Let q be l(1). What is the greatest common factor of q and f?
18
Let f(o) = -o - 1. Let r be f(-3). Let c(d) = -r + 1 + 4*d + 7*d + 0. Let t be c(5). What is the greatest common factor of t and 6?
6
Let v(s) = -14*s + 2. Let b be v(-4). Suppose 0*w - 2*w = b. Let i = w + 49. Calculate the greatest common factor of 140 and i.
20
Let n(o) = 5*o**2 + 14*o + 2. Let s be n(-3). Calculate the greatest common factor of s and 35.
5
Suppose 4*m + 0 = -4. Let u be 154/6 - m/3. Let r be -13 - (7 + -13